 number?
True
Is 2039 prime?
True
Is 7737 composite?
True
Is 430553 a composite number?
False
Is 126107 prime?
True
Is 951553 composite?
False
Is 12373 prime?
True
Is 5025637 a composite number?
False
Is 82757 a composite number?
False
Is 1875041 a prime number?
False
Is 83107 a composite number?
True
Is 6905 prime?
False
Is 200341 prime?
True
Is 225799 a composite number?
True
Is 7907 composite?
False
Is 72755 a prime number?
False
Is 2116574 a prime number?
False
Is 735871 a composite number?
False
Is 82687 prime?
False
Is 234781 a prime number?
True
Is 15817 composite?
False
Is 46685 a prime number?
False
Is 197674 a prime number?
False
Is 2901 prime?
False
Is 10427 a prime number?
True
Is 527 composite?
True
Is 192029 a prime number?
True
Is 3551 composite?
True
Is 5921 a prime number?
False
Is 5131 composite?
True
Is 99923 prime?
True
Is 442465 a prime number?
False
Is 69101 a prime number?
False
Is 7017 a prime number?
False
Is 315533 composite?
True
Is 219709 a prime number?
False
Is 713909 prime?
False
Is 37165 a prime number?
False
Is 137909 a composite number?
False
Is 13901 prime?
True
Is 497 composite?
True
Is 274191 a prime number?
False
Is 34649 a composite number?
False
Is 398773 a composite number?
True
Is 61939 composite?
True
Is 96935 a composite number?
True
Is 16691 prime?
True
Is 54854 a composite number?
True
Is 1254023 prime?
True
Is 4367 prime?
False
Is 37747 prime?
True
Is 112121 a composite number?
False
Is 187711 composite?
False
Is 5137 composite?
True
Is 128593 composite?
True
Is 21562 a composite number?
True
Is 727327 composite?
False
Is 376763 a prime number?
False
Is 47239 a prime number?
False
Is 1641709 a prime number?
True
Is 15089 composite?
True
Is 140221 composite?
False
Is 1043 prime?
False
Is 1108879 a composite number?
True
Is 53353 a composite number?
False
Is 60969 a prime number?
False
Is 13522 a prime number?
False
Is 826571 prime?
True
Is 1537 prime?
False
Is 22853 a composite number?
False
Is 13639 composite?
True
Is 1895 composite?
True
Is 116302 a prime number?
False
Is 188843 a composite number?
False
Is 2237 composite?
False
Is 95509 prime?
False
Is 961431 prime?
False
Is 883397 a prime number?
True
Is 43237 a composite number?
False
Is 13683 a prime number?
False
Is 78493 a composite number?
True
Is 9839 composite?
False
Is 84047 composite?
False
Is 59507 a composite number?
True
Is 331739 composite?
False
Is 136943 a composite number?
False
Is 5731 a composite number?
True
Is 2357 prime?
True
Is 8119 a prime number?
False
Is 8791 composite?
True
Is 36503 prime?
False
Is 2498 a composite number?
True
Is 245327 a composite number?
True
Is 5099 a composite number?
False
Is 21787 a composite number?
False
Is 37159 a composite number?
False
Is 7921 a composite number?
True
Is 11203 composite?
True
Is 197187 prime?
False
Is 20849 prime?
True
Is 2722 prime?
False
Is 9587 composite?
False
Is 12227 a composite number?
False
Is 14813 a composite number?
False
Is 1757 prime?
False
Is 1649 prime?
False
Is 21001 prime?
True
Is 9767 a composite number?
False
Is 4178 a composite number?
True
Is 8779 composite?
False
Is 260591 a prime number?
False
Is 1475949 composite?
True
Is 327071 prime?
True
Is 26959 composite?
False
Is 22151 a composite number?
True
Is 35789 a composite number?
True
Is 335845 prime?
False
Is 163921 composite?
True
Is 37951 a prime number?
True
Is 23951 prime?
False
Is 4621 a composite number?
False
Is 1534823 a prime number?
True
Is 610835 composite?
True
Is 120643 composite?
True
Is 79093 prime?
False
Is 7747 composite?
True
Is 270317 a prime number?
False
Is 410203 a composite number?
False
Is 1287721 a composite number?
True
Is 96699 composite?
True
Is 24499 a composite number?
False
Is 6941 composite?
True
Is 67331 a composite number?
True
Is 16581 prime?
False
Is 145 prime?
False
Is 24053 prime?
False
Is 62369 a prime number?
False
Is 199669 a composite number?
False
Is 913963 a prime number?
False
Is 98729 composite?
False
Is 167861 prime?
True
Is 8213 prime?
False
Is 6847 a prime number?
False
Is 2305 prime?
False
Is 12227 composite?
False
Is 5557 composite?
False
Is 539321 composite?
False
Is 559407 prime?
False
Is 5541 a composite number?
True
Is 68023 a composite number?
False
Is 13963 composite?
False
Is 20063 composite?
False
Is 7669 prime?
True
Is 9009835 composite?
True
Is 14803 composite?
True
Is 531977 composite?
False
Is 42682 composite?
True
Is 162373 composite?
True
Is 225109 composite?
False
Is 7981 a composite number?
True
Is 5723 composite?
True
Is 1885193 a composite number?
True
Is 57313 composite?
True
Is 178661 a composite number?
True
Is 2157 composite?
True
Is 30059 composite?
False
Is 2681 a composite number?
True
Is 139861 composite?
False
Is 2642173 prime?
True
Is 222059 prime?
True
Is 81509 a composite number?
False
Is 41117 a prime number?
True
Is 415931 composite?
False
Is 324067 prime?
True
Is 1361 prime?
True
Is 104605 a composite number?
True
Is 3147598 a prime number?
False
Is 451411 composite?
False
Is 419 a composite number?
False
Is 197731 a composite number?
True
Is 789901 prime?
False
Is 269513 prime?
True
Is 122651 composite?
False
Is 4759 a prime number?
True
Is 402929 composite?
True
Is 1322635 a prime number?
False
Is 909281 composite?
False
Is 1192171 a composite number?
False
Is 54291 a prime number?
False
Is 29383 a prime number?
True
Is 10583 a prime number?
False
Is 561958 a composite number?
True
Is 586231 prime?
False
Is 30773 composite?
False
Is 102991 prime?
False
Is 521 a prime number?
True
Is 967 prime?
True
Is 38903 prime?
True
Is 112231 a composite number?
True
Is 12979 prime?
True
Is 88589 a composite number?
False
Is 12941 prime?
True
Is 1972681 a prime number?
False
Is 79411 prime?
True
Is 54413 composite?
False
Is 1411 prime?
False
Is 11917 prime?
False
Is 109169 a composite number?
False
Is 43661 composite?
False
Is 463237 composite?
False
Is 597 prime?
False
Is 123581 a composite number?
False
Is 31793 a composite number?
False
Is 309409 composite?
True
Is 73181 composite?
False
Is 8238299 a prime number?
True
Is 48651 prime?
False
Is 20059 a prime number?
False
Is 1303481 a prime number?
True
Is 41011 a composite number?
False
Is 244193 composite?
True
Is 38239 a composite number?
False
Is 39971 composite?
False
Is 319 prime?
False
Is 17467 a prime number?
True
Is 415551 prime?
False
Is 983438 prime?
False
Is 57797 a composite number?
True
Is 71009 a composite number?
True
Is 27949 a prime number?
False
Is 13307 composite?
True
Is 2291 prime?
False
Is 99511 prime?
False
Is 1711 prime?
False
Is 17965 prime?
False
Is 209519 a prime number?
True
Is 132019 a composite number?
False
Is 1436861 a composite number?
True
Is 23269 a composite number?
False
Is 33851 a composite number?
False
Is 3086 a composite number?
True
Is 70877 a prime number?
True
Is 385859 composite?
False
Is 156551 prime?
False
Is 9077 a prime number?
False
Is 210461 prime?
True
Is 5903 composite?
False
Is 136507 a prime number?
False
Is 372355 a composite number?
True
Is 303701 composite?
True
Is 797 a composite number?
False
Is 14051 prime?
True
Is 152237 a composite number?
True
Is 207061 a composite number?
False
Is 6667 composite?
True
Is 219331 a composite number?
True
Is 84049 composite?
True
Is 17333 prime?
True
Is 25561 composite?
False
Is 132629 composite?
True
Is 470737 a prime number?
False
Is 2333 composite?
False
Is 135709 composite?
True
Is 56473 prime?
True
Is 52609 a composite number?
False
Is 8807 prime?
True
Is 104557 a composite number?
True
Is 127103 a prime number?
True
Is 2885 a composite number?
True
Is 17133 composite?
True
Is 838 a composite number?
True
Is 10154 prime?
False
Is 6143 prime?
True
Is 10589 a composite number?
False
Is 6611 a prime number?
False
Is 4417 composite?
True
Is 293771 prime?
False
Is 2579 a prime number?
True
Is 443354 a prime number?
False
Is 47909 a composite number?
True
Is 227765 a prime number?
False
Is 1444181 a prime number?
True
Is 181 a prime number?
True
Is 31531 a prime number?
True
Is 150334 a prime number?
False
Is 820993 prime?
False
Is 1757353 composite?
True
Is 23977 composite?
False
Is 707749 composite?
True
Is 32483 composite?
True
Is 51443 composite?
True
Is 69163 prime?
True
Is 